*a - 1. Let z(j) = 4*j - 6*j**2 - 3 - 3*j - 63*j**3 + 64*j**3 - 4. Let p(v) = v**2 - 6*v + 6. Let y be p(6). Let s be z(y). Calculate n(s).
-7
Let v(c) = -4*c**2 - 205*c + 102*c + 1 - 3 + 105*c + c**3. Calculate v(2).
-6
Let h(c) = 2*c**3 + 33*c**2 - 13*c - 26. Let a(y) = -y**3 - 16*y**2 + 7*y + 13. Let l(b) = -13*a(b) - 6*h(b). Give l(-11).
9
Let o(y) = -3*y. Let c(b) = 6*b. Let v = 182 - 179. Let g(j) = v*o(j) + 2*c(j). Let d = -1 - 0. Calculate g(d).
-3
Suppose 5*y - y - 33 = 5*l, 3*y - 2*l - 16 = 0. Let q be 1/(1/(-6)*-3). Let t(i) = -i**2. Let a(n) = -n + 1. Let d(b) = q*a(b) + t(b). Determine d(y).
-6
Let j(v) = 2*v + 2. Let x be j(-3). Let l(i) = -13*i**2 + 19*i**2 - 10*i**3 + 4 + 6*i + 11*i**3. Give l(x).
12
Let w(r) = -7*r + 2. Let c(m) = 13*m - 3. Let n(a) = -3*c(a) - 5*w(a). Give n(3).
-13
Let t(y) be the second derivative of y**5/10 - 5*y**4/3 + y**3/6 - 11*y**2/2 - 120*y + 2. Calculate t(10).
-1
Let t = 4 + 3. Suppose -t*z + 5*z = 6. Let a(d) = d**2 + 5*d + 3. Determine a(z).
-3
Let c(y) = -y + 0*y + 9*y - 19 + 22. Calculate c(-4).
-29
Let l = -265 - -268. Let f(o) = -o**3 + 4*o**2 - o + 2. Determine f(l).
8
Let g(n) = -n - 8. Let l be (-2)/(-5) - (-270)/75. Suppose o + 5*p - 3*p + 14 = 0, 40 = -l*o - 4*p. Calculate g(o).
-2
Let q be ((-14)/4)/(6/12). Let m(s) be the first derivative of -3*s + 3*s**2 + 1/3*s**3 - 10. Calculate m(q).
4
Let o(i) = -15*i**2 - 2*i + 0*i - 1 + 4 + 14*i**2. Give o(-7).
-32
Let i(c) = -48*c**3 - 7*c**2 + 7. Let h(w) = -98*w**3 - 13*w**2 + 13. Let k(o) = -6*h(o) + 11*i(o). Calculate k(1).
60
Let d(z) = -9*z + 95. Let f be d(10). Let h(v) = 7*v**2 - 6*v - 11. Let s(w) = -3*w**2 + 3*w + 5. Let q(p) = -2*h(p) - 5*s(p). Determine q(f).
7
Let s be (-2*1)/((-3)/51). Suppose 3*t - 3*p - s = -2*t, -t + 18 = 5*p. Let m(a) = 1 + 2*a + a**2 - 7*a**2 + t*a**2. Give m(-2).
5
Suppose 4*w = -4*d + 112, -d = 3*d + 3*w - 108. Suppose 4*i - 5*t = -d, 0*i = 5*i + 3*t + 30. Let z(b) = -b**2 - 9*b - 9. Determine z(i).
9
Let y(f) be the third derivative of f**5/60 + f**4/6 - 2*f**3 + 9*f**2. Let a(r) be the first derivative of y(r). Give a(3).
10
Let y(f) be the first derivative of -3*f**2/2 - 22*f + 9. Let z be y(-8). Let u(n) = n. Give u(z).
2
Let c(i) = -i**2 + 2. Let s(r) = 5*r**2 - 15*r - 33. Let k(y) = 6*c(y) + s(y). Give k(-13).
5
Let t be (4 - 6)/(2/(-3)). Suppose -89 = -t*f + 28. Let g(x) = -42*x + f*x + 0 + 2. What is g(5)?
-13
Let w = -10 + -4. Let a = w - -13. Let j(d) = -d**2 - 7*d. Let g(u) = u**2 + 11*u. Let c(v) = 5*g(v) + 8*j(v). Give c(a).
-2
Let m(i) = -i + 2. Suppose -2 - 2 = 4*s. Let u be m(s). Let r(w) = 4*w + 0*w - 6 - 5*w + w**2 - w**u. What is r(0)?
-6
Suppose 0 = 4*b - c - 5, -3*b + 0*b + 2*c = -5. Let y(q) = 7*q**3 - 2*q + 1. Calculate y(b).
6
Suppose 4 = -x + 3. Let t = x + -5. Let q(a) = a**3 + 7*a**2 + 5*a - 5. Give q(t).
1
Suppose s - q = -3*s + 8, -5*s = -5*q - 10. Let i(g) be the first derivative of -2*g**2 + g - 4 + 4*g**s - 3*g**2. What is i(-3)?
7
Let x(s) = s + 2. Suppose 3 - 4 = 4*v - 5*l, 3*v + 5*l = -27. Determine x(v).
-2
Let t(j) = -j - 5. Let o be t(-7). Let v = -6 - -10. Let n(y) = y**2 + y - 1. Let h(k) = 5*k**2 + 4*k - 2. Let u(s) = v*n(s) - h(s). What is u(o)?
-6
Let p(u) = 13*u**3 + 20*u**2 + 2*u + 11. Let r(z) = 37*z**3 + 58*z**2 + 4*z + 33. Let f(h) = -17*p(h) + 6*r(h). What is f(-9)?
20
Let a(n) = -2*n. Let g = -9 + 14. Let w(m) = -m**3 + 5*m**2 - 6. Let c be w(g). Let d be 2/c*(-30)/(-5). Calculate a(d).
4
Let w(q) = -q - 6. Suppose -7*n + 0 + 7 = 0. Let g(m) = 5*m**3 + m**2 - m + 1. Let b be g(n). Suppose -b*j + 2*j = 16. Calculate w(j).
-2
Let s(g) = -g**3 - 5*g**2 + 2*g - 2. Let y be 4 + (-8 - 0) - (-4 + 5). Calculate s(y).
-12
Let v(o) = -o**3 + 7*o**2 - 6*o - 1. Let u be v(6). Let r(a) = -9*a - 2. Let z be r(u). Let x(j) = -j + 3. Determine x(z).
-4
Let s(p) = 7 + 29*p - 17*p - p**2 - 7*p. Calculate s(7).
-7
Let s(l) be the first derivative of -l**2/2 - l + 18. What is s(-1)?
0
Let y = 106 + -99. Let w(d) = -d**2 + 6*d - 2. Give w(y).
-9
Let m(n) = -27*n + 0*n + 22*n + n**2. Determine m(5).
0
Let h(u) = 65*u - 23. Let g(y) = 37*y - 11. Let k(w) = -7*g(w) + 4*h(w). What is k(16)?
1
Let j(s) = -s**2 - 4*s + 6. Let r = 185 - 191. What is j(r)?
-6
Let p(l) = -11*l**2 + 9*l + 3. Let a(d) = -5*d**2 + 4*d + 2. Let i(n) = 9*a(n) - 4*p(n). Calculate i(0).
6
Suppose -4*y - 4 + 6 = 2*o, -10 = 5*y. Suppose 2*w - 7 = v - 0*w, -59 = o*v - 4*w. Let h = -18 - v. Let p(f) = -f - 4. Give p(h).
-1
Suppose 3*r - 30 = -2*v, -5*v + 6*r + 75 = 3*r. Let x(c) = 5 + v + c - 8. Suppose 54 = -0*n - 9*n. Determine x(n).
6
Let z(d) = d + d**3 + 3 + 0*d - 5 + 3. Let i(m) = -5*m**3 - 2*m**2 - 3*m - 3. Let w(h) = -i(h) - 4*z(h). Calculate w(-2).
1
Let w(z) = -z**3 - 9 + z**3 - 9*z**3 + 4*z**2 + 5*z + 8*z**3. Calculate w(4).
11
Let v(i) = 9*i. Let y be (-5)/(-25) - (-39)/5. Suppose -5*p = -a + 14, 4*a + a + p = -y. Give v(a).
-9
Let r(u) = 4*u**3 - 25*u**2 - 27*u - 47. Let s(o) = 3*o**3 - 17*o**2 - 18*o - 32. Let p(y) = 5*r(y) - 7*s(y). Give p(-5).
9
Let i(a) = 2*a. Let b be i(4). Suppose b - 8 = k. Let h(u) = 2*u - 5. Let m(p) = -p + 2. Let w(x) = 2*h(x) + 5*m(x). Determine w(k).
0
Let v(z) = -17*z - 5*z + 2*z + 0 + 3 + 18*z. What is v(4)?
-5
Let a(p) = p. Let o = 119 + -121. Calculate a(o).
-2
Let f(i) = 23*i - 9*i - 10*i + 6 - 5*i. Let x(p) = p**2 + 4*p. Let v be x(-2). Let r be v/(-6)*3 - 2. Determine f(r).
6
Suppose 3*a + 4*m = 4*a - 2, 3*m + 4 = 2*a. Let p(k) = 2 + k**2 - 2 - a - 2*k. Suppose 0 = 7*z - 12*z + 10. Calculate p(z).
-2
Suppose 10 = 3*c + 1. Let z(d) = 39*d + c + 38*d - 78*d. Give z(-5).
8
Suppose 238 = 2*q + 252. Let t(g) = 5*g + 9. Determine t(q).
-26
Let i(l) = -5 + 0 - 4*l - 1. Suppose -w - 4*w = -2*o + 22, 0 = 2*w - 2*o + 4. Give i(w).
18
Let h(n) be the third derivative of -n**5/60 - n**4/8 + n**3/2 - 88*n**2 - n. What is h(2)?
-7
Let y be ((-6)/4 - -1) + (-15)/(-6). Suppose z = y*h + 8, -2*h = z - 6*h - 12. Let q(o) = o**2 - 4*o + 4. Determine q(z).
4
Let p(v) = -3*v + 4. Let y(f) = 2*f - 1. Let c(t) = p(t) + 3*y(t). Give c(2).
7
Let w(r) = 26*r - 46*r + r**3 - 2*r**3 + 5*r**2 + 5 + 26*r. Let z = -21 - -36. Let j = 21 - z. Calculate w(j).
5
Suppose 2*r + t - 5 = 0, 4*r - r - 14 = 5*t. Let n be (7 - 2)*(r - (-2)/(-1)). Let a(x) = -x**2 + 9*x. Calculate a(n).
20
Suppose 0 = -c - 5, -2 = 5*r - c - 27. Suppose 12 = -n - r*h, 8 + 7 = -4*n - 5*h. Let g(v) = v**3 - v**2 - 5. What is g(n)?
-5
Let x = 4297/6 - 716. Let a(h) be the second derivative of x*h**3 - 7*h**2 - 4*h + 0. Determine a(0).
-14
Let w(a) = 5*a**2 + 3*a - 2. Let l(y) = -14*y**2 - 9*y + 6. Let f(c) = 6*l(c) + 17*w(c). Determine f(6).
20
Let o = -13 - -15. Let j be 5 - o*(-6)/(-4). Suppose -3*q - 1 = -j*q. Let a(c) = -6*c + 1. Determine a(q).
7
Let v(k) = 5*k**2 - 15*k. Let o(q) = 2*q**2 - 2*q - 1. Let f(b) = 2*o(b) - v(b). Give f(10).
8
Let v = 2 + 1. Let m = 17 + -17. Suppose m = 3*k + 9 + v. Let r(a) = -a**3 - 3*a**2 + 5*a + 1. Determine r(k).
-3
Let h(s) = s - 17. Let l be h(17). Suppose -6*a + 11*a = l. Let u(q) = -6 + q + a*q + 7. Give u(5).
6
Let u(a) be the first derivative of a**3/3 - 2*a**2 - 54*a - 19. Let f be u(9). Let r(d) = d + 3. Give r(f).
-6
Suppose 55*h - 7 = 56*h. Let t(w) = w**3 + 7*w**2 - 2*w - 9. Calculate t(h).
5
Let y(h) be the second derivative of -h**5/30 + h**4/24 - h**3/6 - 6*h**2 + 7*h. Let k(n) be the first derivative of y(n). What is k(-2)?
-11
Let n(d) be the second derivative of d**5/20 + 5*d**4/4 - 7*d**3/3 + 21*d**2/2 - 50*d + 2. Determine n(-16).
-11
Let o(c) = 24*c**3 - 6*c + 25*c**3 + 2*c - c**2 - 2*c**2 - 50*c**3. Calculate o(-2).
4
Let r = -9 - -22. Suppose 5*p - 4*o - 28 = 0, -4*o + 0*o = 8. Let q(w) = -8 - p + r + 5*w. Calculate q(1).
6
Let q(y) = 5*y - 3*y - 2*y + 47212 + 3*y - 47207. Suppose 0 = z + z + 14. What is q(z)?
-16
Let u(j) = j**3 + 10*j**2 + 10*j + 10. Let t be u(-9). Let l(z) = -3*z. What is l(t)?
-3
Suppose 0*h - 12 = h. Let f be h/(-4) - 8/(-2). Let b(s) = s - 6. Let m be b(f). Let p(d) = -6*d. Give p(m).
-6
Let u(c) = -c - 14. Suppose -7*k - 3*x = -3*k + 17, 50 = -5*k + 2*x. Give u(k).
-6
Let j(z) = -z**3 + z**2 + 5*z - 4. Let n = -149 + 152. Give j(n).
-7
Let g be (-5)/(-1) + (3 - 6). Let l be ((-4)/(-8))/((-1)/(-6)). Let p(m) = -l + 4*m**2 - 2*m - 6*m**2 + 